 13. Give h(r).
-3
Let m(v) = v**3 - 7*v**2 - 8*v + 1. Let t be m(8). Let n(c) = c**3 - 3*c - 2*c**3 + t + 0 + 4*c - 3*c**2. What is n(-3)?
-2
Let z(d) = 4*d - 5. Let g be (3/2)/(51/136). What is z(g)?
11
Let n(g) be the second derivative of -g**4/12 + g**2 - g. Suppose 5*q + 1 = 16. Suppose -2*z = -q*c + 2*z - 11, c - z + 2 = 0. Calculate n(c).
-7
Let v(y) = -y**3 - 4*y**2 - y - 5. Suppose 11 = 5*a - 9. Suppose -x + 0*x - q = -14, -2*x = a*q - 32. Suppose -p = 3*p + x, 4 = 2*d - 4*p. Determine v(d).
-1
Let h(v) = v**3 + v**2 - v - 7. Suppose 0 = -2*x - 0*x. Determine h(x).
-7
Let i(d) = d + 1. Let m(q) = -4*q - 12. Let h(g) = -3*i(g) - m(g). Let a be h(-11). Let o(k) = -k**3 - k**2 + k + 2. Determine o(a).
4
Let t = 4 + 3. Let s = t + -4. Let n(u) = -2*u**2 + 3*u + 1. Calculate n(s).
-8
Let i(b) = -b + 3. Let v = -3 + 0. Give i(v).
6
Let f(g) be the first derivative of 1/20*g**5 + 0*g**4 + 3/2*g**2 + 3 + 3*g + 1/6*g**3. Let i(k) be the first derivative of f(k). Calculate i(0).
3
Let h(o) = -o**2 - o. Let t(n) = n**3 + 3*n**2 + 4*n - 2. Let z(x) = 6*h(x) + t(x). What is z(4)?
6
Let r(k) be the first derivative of -k**3 - 3*k**2/2 - k + 20. What is r(-2)?
-7
Let y(g) = -g**2 + 7*g + 10. Let t be y(9). Let o(x) = x + 2. What is o(t)?
-6
Let w(d) = -8 + 1 - 2 + 9*d. Let n(y) = -5*y + 4. Let x(f) = -5*n(f) - 3*w(f). Give x(5).
-3
Let p(g) be the first derivative of 4 - 1/2*g**2 - 6*g. Calculate p(-3).
-3
Let d(u) = u**2 - 8*u + 9. Let q be (-9)/(-12) + (-90)/(-8). Suppose -15*b = -q*b - 18. What is d(b)?
-3
Let k(w) = 3*w**3 - 4 + 2*w + 1 - 6*w - 2*w**3 + 3*w**2. What is k(-3)?
9
Let a(n) = 0*n**3 - 5*n**2 + 6 + 3*n**3 + 3*n - 4*n**3. Let t(r) = -6*r - 3. Let z be t(-9). Let o be z/(-9) + 4/6. Calculate a(o).
-9
Suppose 3*g = l, 3*g + l = -g. Suppose g = -3*b + 2 + 4. Let a(t) = -8*t + 3. What is a(b)?
-13
Let h(s) be the second derivative of 0 - 1/12*s**4 + s**2 + 2/3*s**3 + 4*s. Calculate h(3).
5
Let v(z) = -5*z - 1. Let t = 18 - 17. Let q be -1*(2/t - 1). Determine v(q).
4
Let c(g) = -4*g - 3. Let w be c(-2). Let p(l) = -l + 1 + 1 + 0*l. Determine p(w).
-3
Let v(i) be the first derivative of -i**4/4 + i**3/3 - i**2 + i + 9. Give v(2).
-7
Let n(t) be the third derivative of -t**4/24 - t**2. Let b = -3 - -5. Determine n(b).
-2
Suppose 5*j + 39 + 1 = 0. Let o(h) = -h**3 - 9*h**2 - 7*h + 10. Let g be o(j). Let a(w) = -4*w. Determine a(g).
-8
Let v(u) = -u - 3*u**3 - 4*u + 4*u**2 + 1 + 1 + u. Suppose -4 = m - 6. Give v(m).
-14
Let i be (2*1)/(-9 - -10). Suppose 0*p + i*p = 6. Let y(z) = -z. Calculate y(p).
-3
Let v(c) = c + 3. Let r be v(-7). Let t(p) = p**3 + 197*p**2 + 6 + 3*p + 194*p**2 - 387*p**2. Calculate t(r).
-6
Let b(m) = m - 5. Let a be b(4). Let l(h) = 1. Let k(x) = 9*x**2 - 5. Let s(i) = -k(i) - 4*l(i). What is s(a)?
-8
Let m(r) = -2*r + 1. Let f(k) = -10*k + 6. Let g(i) = -2*f(i) + 11*m(i). Calculate g(2).
-5
Let j(k) be the third derivative of -1/6*k**3 + 0*k - 1/24*k**4 + 0 - 4*k**2. Give j(1).
-2
Let z(v) be the third derivative of v**5/60 - 3*v**4/8 + v**3 + 30*v**2. Determine z(9).
6
Let h be (13 + -4)*(-4)/(-6). Let p(u) = -u**3 + 6*u**2 + 3. Give p(h).
3
Suppose -4*k = 2*m - 10, 4*m + 5*k = 2*k + 15. Let d(u) = u**3 - u**2 - u - 5*u**2 + 3 + 3*u**2. What is d(m)?
0
Let k(v) = v**3 + 5*v**2 - 7*v - 9. Suppose -24 = -0*y + 4*y. Let u be k(y). Let x(m) be the second derivative of -m**4/12 - m**3/2 + 2*m**2 + m. Give x(u).
4
Let a(m) = m**3 + m**2 + 2*m + 1. Let j be a(-1). Let w be (3 + -4)/(j/2). Let g(q) = -q**3 - w - 4*q**2 + 0*q**3 + 6*q - 3*q. Give g(-5).
8
Let w(j) = 2*j**2 - 3*j + 1. Let z be (-60)/(-10)*(-2)/(-6). Give w(z).
3
Let g(b) be the third derivative of -b**4/24 - 2*b**3/3 + 7*b**2. Let a = -8 + 11. Calculate g(a).
-7
Suppose 2 = 4*f - 2*n, f - 3*n - 1 = -3*f. Let r(p) = -3*p**3 - 6*p**2 - p - 5. Let b(d) = -d**3 - 5*d**2 - d - 4. Let o(j) = -6*b(j) + 5*r(j). Calculate o(f).
-9
Let j = -5 + 7. Let y(w) = -w**3 + 7*w**2 - 4*w + 5 - w**j - 2*w. What is y(5)?
0
Let v(t) = -2 + 5*t**2 - 30*t + t**3 + 37*t - 2*t**3. What is v(6)?
4
Let f(x) = -x**2 - 29. Let c = 57 - 57. Give f(c).
-29
Let r(x) = x - 1. Let z be r(7). Let g be (-4)/(-24) + 35/z. Let y(u) = u**2 - 7*u + 6. Give y(g).
0
Let p(n) = 2*n**3 + n**2 - 1. Suppose 3*f + w + 2 = 1, -2*w = 2*f - 2. Calculate p(f).
-2
Let i(h) be the third derivative of -h**6/180 + h**4/12 + h**3/6 - h**2. Let d(f) be the first derivative of i(f). Let g = -17 + 15. Calculate d(g).
-6
Let g(h) = -9*h**2 + 5*h. Let s(p) = 4*p**2 - 3*p. Let j(f) = 3*g(f) + 7*s(f). Give j(6).
0
Let c(f) = -f**3 - 3*f**2 + f + 2. Suppose -s = -2*h - 3 - 3, -4*s - 4*h - 24 = 0. Let m be 20/(-8)*(s - 0). Suppose -3*n - m = 1. Calculate c(n).
-4
Let x(p) = 1 - 5 - p + 2. Let b(m) = -m**3 + m**2 + m - 1. Suppose 0 = 5*q + 3*k - 14 - 5, -4*k + 12 = 0. Let n be b(q). Determine x(n).
1
Suppose 0*r + 2*r + 38 = 4*i, -r + 21 = 3*i. Let b(p) = -p**2 + 10*p + 3. Determine b(i).
19
Let q(k) = k**2 - 4*k + 5. Suppose 2*g = 5*g - 3*d, 0 = g + d + 4. Let v(o) = o**2 - 2*o + 2. Let t(l) = g*q(l) + 5*v(l). What is t(2)?
8
Let v(c) = c + 1. Let m(o) = 7*o + 15. Let y(j) = m(j) - 6*v(j). Suppose 0 = 2*h + 5*t - 3 - 14, -h + 4*t - 24 = 0. Calculate y(h).
5
Let v(q) = -5*q**2 + 6*q - 2*q**2 + q**3 - 156 + 151. Determine v(6).
-5
Let g(n) = n**2 - 7*n - 2. Let u(i) = 4*i**3 - i + 4 - 3 + 2*i**3. Let r be u(1). Calculate g(r).
-8
Suppose 2 = z - 1. Suppose z*g - 9 = 4*n, 11 = -4*n + g - 0*g. Let s(v) = -3 + 90*v - 89*v + 6. Determine s(n).
0
Let y be 2*(-2)/(8/(-6)). Let i be ((-1)/(-1))/(y/6). Let x(f) = 3 - 5*f - 2 + i. Determine x(2).
-7
Suppose -92 = -z - 102. Let m(v) = v + 9. Give m(z).
-1
Let h(m) = m**2 - 7*m**2 - 3 - m**3 + 4*m**2 - 4*m. Calculate h(-2).
5
Suppose -d = -0*d + 2. Suppose 4*k - 3*k - 4 = 0. Let m(o) = k*o - o + 3 + o**2 + 0*o - o + o**3. Give m(d).
-5
Let y(s) be the third derivative of -s**7/2520 + s**6/240 + s**5/12 - 7*s**2. Let o(r) be the third derivative of y(r). Determine o(4).
-5
Suppose -2 = 2*m - 2*j - 0, 5*j - 6 = 4*m. Let k be -2*(-1 + (-2)/(-4)). Let o be k + m + -2 + 2. Let d(q) = -3*q + 3. What is d(o)?
-3
Suppose 4*z = 5 - 1. Let m(j) = -j - 1. Let n(p) = 5*p**2 + 3*p. Let k(a) = m(a) + n(a). Determine k(z).
6
Let t(r) = -r + r + 5*r. Let d(n) = -7*n + n**2 - 4*n**2 + 7 + 2*n**2. Let z be d(-8). Give t(z).
-5
Let b = 27 - 27. Let h(p) = -p**3 - p. Determine h(b).
0
Let k(d) = 4*d**3 + 9*d**2 + 4*d - 3. Let c(t) = -3*t**3 - 9*t**2 - 5*t + 4. Let y(o) = 3*c(o) + 2*k(o). What is y(-8)?
-2
Let v(l) = 19 + l + 17 - 8*l**2 - 37. Calculate v(1).
-8
Let v(n) be the second derivative of 0 + 1/12*n**4 - 2*n - n**3 + 7/2*n**2. Let t be v(5). Let r(q) = -q**3 + 2*q**2 - 3*q + 1. What is r(t)?
-5
Suppose -5 = -5*t + 3*q + 37, 4*q + 14 = 2*t. Let g = 3 - t. Let r(a) = a - 1. Let i(o) = -2*o + 1. Let h(z) = -2*i(z) - 3*r(z). What is h(g)?
-5
Let j(z) = 2*z - 4. Let r be (-115)/35 + (-8)/(-28). Give j(r).
-10
Let h(j) = 2 + j**2 - 57*j + 108*j - 59*j. Determine h(8).
2
Suppose 0*u - 2*u + k - 3 = 0, u + 5*k - 26 = 0. Suppose v - 2 + u = 0. Suppose 4*y + v = 5*y. Let i(m) = -8*m**3 + 2*m**2 - m. Calculate i(y).
-7
Let y(m) = 4*m - 1505 + 1505. Suppose -k - 9 = -5*r, -5*r + 4 = -6. Let h = 1 + k. What is y(h)?
8
Let v(q) = -q**3 + q**2 - q - 5. Let w = -3 + 9. Suppose 0 = 3*i + 2*m + w - 3, -3*i + 9 = -2*m. Let d be (-8)/16*(i - 1). Calculate v(d).
-5
Let t(h) be the second derivative of -2*h**5/5 + h**4/6 - h**2/2 + 23*h. Calculate t(1).
-7
Let b be (-6)/(-4) - (-2)/4. Suppose -b*x - x = -6. Let v(o) = 0*o**2 + 3*o + o**3 + 4*o - x - 7*o**2. Calculate v(6).
4
Let k(s) = -3*s + 2. Suppose 2*m + 3 + 5 = -3*f, 2*f - 4*m = 16. Suppose r + 3 = -f*r. Determine k(r).
11
Let a(w) = w**3 + 3*w**2 + 2. Let s be a(-2). Let b = 10 - s. Let q(t) = -5*t - 6 - t**3 + 4 - b*t**2 + 0. Determine q(-3).
4
Let z(i) = 20*i**2 - 20*i + 1. Let c(u) = -7*u**2 + 7*u. Let n(q) = 17*c(q) + 6*z(q). Let o(k) be the first derivative of n(k). Calculate o(5).
9
Let m(d) = 6*d + 4. Let v be m(0). Let c(k) = 4*k - 5. Give c(v).
11
Let c(r) = 3*r**2 - 1. Let b be c(1). Let k = 6 - b. Let m(f) = -2*f**3 - 7*f - 1. Let d(l) = l**3 - l**2 + l. Let w(x) = 3*d(x) + m(x). Determine w(k).
-1
Let z(s) = 9*s + 2. Let w(y) = 17*y + 5. Let r(a)